{"id":183,"date":"2017-01-03T05:33:57","date_gmt":"2017-01-03T05:33:57","guid":{"rendered":"https:\/\/raratheme.com\/preview\/construction-landing-page\/?page_id=183"},"modified":"2021-05-23T23:48:25","modified_gmt":"2021-05-23T21:48:25","slug":"about-construction","status":"publish","type":"page","link":"https:\/\/bauteam-brandl.de\/index.php\/about-construction\/","title":{"rendered":"\u00dcber Uns"},"content":{"rendered":"<div class=\"entry-content\">\n<p>Ihr Bauvorhaben vom Fachmann!<\/p>\n<p>Unser Bau-Team besteht derzeit aus 14 Mitarbeitern.<br \/>\nUnter der Leitung von Gesch\u00e4ftsf\u00fchrer Andreas Brandl k\u00fcmmert sich unser gesamtes Team aus&nbsp;gelernten Facharbeitern gerne um Ihre Anliegen!<\/p>\n<p>Im Vordergrund sehen wir stets das Ziel, Ihr Bauvorhaben mit handwerklich hoher Qualit\u00e4t und&nbsp;Sorgfalt auszuf\u00fchren.<\/p>\n<p>Qualit\u00e4ten mit den wir \u00fcberzeugen:<\/p>\n<p>\u2013 Hohe Flexibilit\u00e4t, auch bei kurzfristigen Anfragen<br \/>\n\u2013 Zuverl\u00e4ssiger Kundenservice: Vom Angebot bis zur Leistung<br \/>\n\u2013 Preisg\u00fcnstige Leistung bei hoher Qualit\u00e4ten<br \/>\n\u2013 Ein junges Team, das sie rundum kompetent ber\u00e4t<\/p>\n<p>Wir erstellen f\u00fcr Sie gerne ein unverbindliches Angebot.<br \/>\nSie erreichen uns per E-Mail unter <a href=\"mailto:post@bauteam-brandl.de\">post@bauteam-brandl.de<\/a>&nbsp;oder telefonisch zu<br \/>\nunseren B\u00fcrozeiten (Mo.\u2013Do. 8:00-17:00 Uhr, Fr. 8:00-12:00 Uhr) unter 09946 902568.<\/p>\n<p>Wir freuen uns auf Ihre Anfrage.<\/p>\n<p>Ihr Bau-Team Brandl<\/p>\n<\/div>\n","protected":false},"excerpt":{"rendered":"<p>Ihr Bauvorhaben vom Fachmann!<br \/>\nIm Vordergrund sehen wir stets das Ziel, Ihr Bauvorhaben mit handwerklich hoher Qualit\u00e4t und Sorgfalt auszuf\u00fchren.<\/p>\n","protected":false},"author":1,"featured_media":443,"parent":0,"menu_order":0,"comment_status":"closed","ping_status":"closed","template":"","meta":{"ngg_post_thumbnail":0,"footnotes":""},"class_list":["post-183","page","type-page","status-publish","has-post-thumbnail","hentry"],"_links":{"self":[{"href":"https:\/\/bauteam-brandl.de\/index.php\/wp-json\/wp\/v2\/pages\/183","targetHints":{"allow":["GET"]}}],"collection":[{"href":"https:\/\/bauteam-brandl.de\/index.php\/wp-json\/wp\/v2\/pages"}],"about":[{"href":"https:\/\/bauteam-brandl.de\/index.php\/wp-json\/wp\/v2\/types\/page"}],"author":[{"embeddable":true,"href":"https:\/\/bauteam-brandl.de\/index.php\/wp-json\/wp\/v2\/users\/1"}],"replies":[{"embeddable":true,"href":"https:\/\/bauteam-brandl.de\/index.php\/wp-json\/wp\/v2\/comments?post=183"}],"version-history":[{"count":8,"href":"https:\/\/bauteam-brandl.de\/index.php\/wp-json\/wp\/v2\/pages\/183\/revisions"}],"predecessor-version":[{"id":620,"href":"https:\/\/bauteam-brandl.de\/index.php\/wp-json\/wp\/v2\/pages\/183\/revisions\/620"}],"wp:featuredmedia":[{"embeddable":true,"href":"https:\/\/bauteam-brandl.de\/index.php\/wp-json\/wp\/v2\/media\/443"}],"wp:attachment":[{"href":"https:\/\/bauteam-brandl.de\/index.php\/wp-json\/wp\/v2\/media?parent=183"}],"curies":[{"name":"wp","href":"https:\/\/api.w.org\/{rel}","templated":true}]}}