{"id":395,"date":"2021-05-22T22:52:42","date_gmt":"2021-05-22T20:52:42","guid":{"rendered":"http:\/\/site.bauteam-brandl.de\/?page_id=395"},"modified":"2021-05-25T23:16:40","modified_gmt":"2021-05-25T21:16:40","slug":"neubauten","status":"publish","type":"page","link":"https:\/\/bauteam-brandl.de\/index.php\/neubauten\/","title":{"rendered":"Neubauten"},"content":{"rendered":"\n<p><br>Wir bauen auf Grundlage vorhandener Pl\u00e4ne\/Vorgaben Ihre Traumimmobilie. Egal ob&nbsp;Gewerbebau, Ein- oder Mehrfamilienhaus. Auf Wunsch \u00fcbernehmen wir auch die komplette Planung. Wir erf\u00fcllen Ihre Anspr\u00fcche bez\u00fcglich Architektur, Schall- und W\u00e4rmeschutz und Energetischen Vorgaben.<\/p>\n\n\n\n<p>Eine ausf\u00fchrliche Beratung von unserer Seite sorgt f\u00fcr eine reibungslose Umsetzung. Die Arbeiten werden stets z\u00fcgig in handwerklich hoher Qualit\u00e4t ausgef\u00fchrt. Unser gesamtes Team aus Facharbeitern sorgt f\u00fcr ein \u00fcberzeugendes Ergebnis.<\/p>\n","protected":false},"excerpt":{"rendered":"<p>Wir bauen auf Grundlage vorhandener Pl\u00e4ne\/Vorgaben Ihre Traumimmobilie. Egal ob Gewerbebau, Ein- oder Mehrfamilienhaus.<\/p>\n","protected":false},"author":1,"featured_media":447,"parent":0,"menu_order":0,"comment_status":"closed","ping_status":"closed","template":"","meta":{"ngg_post_thumbnail":0,"footnotes":""},"class_list":["post-395","page","type-page","status-publish","has-post-thumbnail","hentry"],"_links":{"self":[{"href":"https:\/\/bauteam-brandl.de\/index.php\/wp-json\/wp\/v2\/pages\/395","targetHints":{"allow":["GET"]}}],"collection":[{"href":"https:\/\/bauteam-brandl.de\/index.php\/wp-json\/wp\/v2\/pages"}],"about":[{"href":"https:\/\/bauteam-brandl.de\/index.php\/wp-json\/wp\/v2\/types\/page"}],"author":[{"embeddable":true,"href":"https:\/\/bauteam-brandl.de\/index.php\/wp-json\/wp\/v2\/users\/1"}],"replies":[{"embeddable":true,"href":"https:\/\/bauteam-brandl.de\/index.php\/wp-json\/wp\/v2\/comments?post=395"}],"version-history":[{"count":5,"href":"https:\/\/bauteam-brandl.de\/index.php\/wp-json\/wp\/v2\/pages\/395\/revisions"}],"predecessor-version":[{"id":647,"href":"https:\/\/bauteam-brandl.de\/index.php\/wp-json\/wp\/v2\/pages\/395\/revisions\/647"}],"wp:featuredmedia":[{"embeddable":true,"href":"https:\/\/bauteam-brandl.de\/index.php\/wp-json\/wp\/v2\/media\/447"}],"wp:attachment":[{"href":"https:\/\/bauteam-brandl.de\/index.php\/wp-json\/wp\/v2\/media?parent=395"}],"curies":[{"name":"wp","href":"https:\/\/api.w.org\/{rel}","templated":true}]}}