{"id":409,"date":"2021-05-22T22:54:21","date_gmt":"2021-05-22T20:54:21","guid":{"rendered":"http:\/\/site.bauteam-brandl.de\/?page_id=409"},"modified":"2021-05-25T23:20:21","modified_gmt":"2021-05-25T21:20:21","slug":"trockenbau","status":"publish","type":"page","link":"https:\/\/bauteam-brandl.de\/index.php\/trockenbau\/","title":{"rendered":"Trockenbau"},"content":{"rendered":"\n<p><br>Der Trockenbau bietet durch die modulare Leichtbauweise zahlreiche M\u00f6glichkeiten f\u00fcr Konstruktionen an Boden, Wand oder Decke. Es ist m\u00f6glich Hohlr\u00e4ume, Doppelw\u00e4nde oder Doppelb\u00f6den f\u00fcr verschiedenste Zwecke herzustellen, um etwa Elektroleitungen oder Sanit\u00e4rinstallationen unsichtbar zu Verlegen. Auch k\u00f6nnen so zus\u00e4tzliche D\u00e4mmschichten eingebracht werden. <br><br>Trockenbau erm\u00f6glicht auch eine einfache und schnelle Raumaufteilung und kann bei Bedarf wieder abgebaut werden. Gerne pr\u00fcfen wir f\u00fcr Sie ob ein Ausbau in Trockenbauweise f\u00fcr Ihr Projekt geeignet ist.<\/p>\n","protected":false},"excerpt":{"rendered":"<p>Der Trockenbau bietet durch die modulare Leichtbauweise zahlreiche M\u00f6glichkeiten f\u00fcr Konstruktionen an Boden, Wand oder Decke.<\/p>\n","protected":false},"author":1,"featured_media":488,"parent":0,"menu_order":0,"comment_status":"closed","ping_status":"closed","template":"","meta":{"ngg_post_thumbnail":0,"footnotes":""},"class_list":["post-409","page","type-page","status-publish","has-post-thumbnail","hentry"],"_links":{"self":[{"href":"https:\/\/bauteam-brandl.de\/index.php\/wp-json\/wp\/v2\/pages\/409","targetHints":{"allow":["GET"]}}],"collection":[{"href":"https:\/\/bauteam-brandl.de\/index.php\/wp-json\/wp\/v2\/pages"}],"about":[{"href":"https:\/\/bauteam-brandl.de\/index.php\/wp-json\/wp\/v2\/types\/page"}],"author":[{"embeddable":true,"href":"https:\/\/bauteam-brandl.de\/index.php\/wp-json\/wp\/v2\/users\/1"}],"replies":[{"embeddable":true,"href":"https:\/\/bauteam-brandl.de\/index.php\/wp-json\/wp\/v2\/comments?post=409"}],"version-history":[{"count":6,"href":"https:\/\/bauteam-brandl.de\/index.php\/wp-json\/wp\/v2\/pages\/409\/revisions"}],"predecessor-version":[{"id":651,"href":"https:\/\/bauteam-brandl.de\/index.php\/wp-json\/wp\/v2\/pages\/409\/revisions\/651"}],"wp:featuredmedia":[{"embeddable":true,"href":"https:\/\/bauteam-brandl.de\/index.php\/wp-json\/wp\/v2\/media\/488"}],"wp:attachment":[{"href":"https:\/\/bauteam-brandl.de\/index.php\/wp-json\/wp\/v2\/media?parent=409"}],"curies":[{"name":"wp","href":"https:\/\/api.w.org\/{rel}","templated":true}]}}